number?
True
Is 31307 a composite number?
False
Is 186997 composite?
True
Is 240206 composite?
True
Is 245431 a composite number?
True
Is 13291 a prime number?
True
Is 3505 composite?
True
Is 290461 a composite number?
True
Is 3259 a prime number?
True
Is 39821 a composite number?
False
Is 8573 composite?
False
Is 739 a composite number?
False
Is 527429 composite?
True
Is 68559 composite?
True
Is 94099 a prime number?
True
Is 89227 a composite number?
False
Is 21421 composite?
True
Is 214151 composite?
True
Is 22622 composite?
True
Is 544247 a prime number?
False
Is 212213 composite?
True
Is 5259 a prime number?
False
Is 536093 prime?
False
Is 2305 prime?
False
Is 2129 prime?
True
Is 39581 a composite number?
False
Is 257639 composite?
False
Is 195649 a prime number?
False
Is 4300419 a composite number?
True
Is 47161 a composite number?
False
Is 6081707 composite?
False
Is 5045 composite?
True
Is 40709 composite?
False
Is 718 a composite number?
True
Is 9871 composite?
False
Is 15107 composite?
False
Is 2215 prime?
False
Is 4721 a prime number?
True
Is 721 composite?
True
Is 60029 prime?
True
Is 43913 a composite number?
False
Is 10661 composite?
True
Is 21701 prime?
True
Is 2063 prime?
True
Is 91493 a prime number?
True
Is 2813 a prime number?
False
Is 614 prime?
False
Is 294983 a prime number?
False
Is 70069 composite?
True
Is 27011 a composite number?
False
Is 183859 composite?
True
Is 12151 a prime number?
False
Is 46711 composite?
True
Is 599321 composite?
False
Is 403381 a composite number?
True
Is 175297 a composite number?
True
Is 12913 a composite number?
True
Is 45649 prime?
False
Is 780979 composite?
True
Is 40301 composite?
True
Is 34321 composite?
True
Is 17011 composite?
False
Is 133801 prime?
True
Is 5323 a composite number?
False
Is 79071 a composite number?
True
Is 877 a composite number?
False
Is 10937 a prime number?
True
Is 23462 composite?
True
Is 23399 a prime number?
True
Is 793973 prime?
False
Is 103534 a composite number?
True
Is 4201 a prime number?
True
Is 238499 prime?
True
Is 459089 a prime number?
True
Is 2360873 composite?
False
Is 42963 a composite number?
True
Is 2060357 composite?
True
Is 911 prime?
True
Is 10007 a composite number?
False
Is 131423 a prime number?
False
Is 903653 a composite number?
True
Is 486367 prime?
False
Is 121721 prime?
True
Is 19751 composite?
False
Is 95203 a prime number?
True
Is 184711 prime?
True
Is 287921 a prime number?
True
Is 671 composite?
True
Is 233351 a prime number?
False
Is 5618269 composite?
False
Is 12457 a composite number?
False
Is 1232113 prime?
False
Is 9601 prime?
True
Is 9913 a composite number?
True
Is 52619 a composite number?
True
Is 9923 a prime number?
True
Is 10559 composite?
False
Is 6127 a composite number?
True
Is 5129 a prime number?
False
Is 166147 prime?
True
Is 4666 a prime number?
False
Is 237493 a composite number?
True
Is 540859 a prime number?
False
Is 58889 a composite number?
False
Is 6371 composite?
True
Is 22807 a prime number?
True
Is 1529 a prime number?
False
Is 10799 a prime number?
True
Is 36637 a prime number?
True
Is 223 composite?
False
Is 260921 prime?
True
Is 21059 prime?
True
Is 58711 composite?
False
Is 237 composite?
True
Is 35311 a composite number?
False
Is 1361 a composite number?
False
Is 176387 prime?
False
Is 30146 composite?
True
Is 343303 prime?
True
Is 584447 a prime number?
True
Is 7507 a composite number?
False
Is 78418 prime?
False
Is 57374 a prime number?
False
Is 47095 composite?
True
Is 1790697 a composite number?
True
Is 1135387 composite?
True
Is 13513 a prime number?
True
Is 352217 prime?
True
Is 349079 prime?
True
Is 2027 a prime number?
True
Is 6740969 a prime number?
True
Is 626519 a prime number?
True
Is 64451 composite?
False
Is 41113 a composite number?
False
Is 97547 prime?
True
Is 573719 a composite number?
False
Is 819635 composite?
True
Is 5791 a prime number?
True
Is 220693 a composite number?
True
Is 3935 composite?
True
Is 12761 composite?
True
Is 32863 a composite number?
True
Is 53479 prime?
True
Is 225305 a composite number?
True
Is 646339 composite?
False
Is 1012393 a prime number?
False
Is 617902 a composite number?
True
Is 24427 a composite number?
True
Is 83831 a prime number?
False
Is 157321 a prime number?
True
Is 123 composite?
True
Is 109119 composite?
True
Is 1134421 composite?
False
Is 6737 composite?
False
Is 851471 composite?
False
Is 517045 prime?
False
Is 189793 a composite number?
True
Is 8443 composite?
False
Is 139559 prime?
False
Is 128998 a prime number?
False
Is 3389 a composite number?
False
Is 139721 a composite number?
False
Is 2305 a composite number?
True
Is 142823 prime?
False
Is 57301 a composite number?
False
Is 7451 prime?
True
Is 6257 prime?
True
Is 19157 a composite number?
False
Is 1285 prime?
False
Is 707357 a composite number?
True
Is 646851 a prime number?
False
Is 70937 a composite number?
False
Is 264731 prime?
True
Is 3491 composite?
False
Is 135094 composite?
True
Is 189223 a prime number?
True
Is 905 a prime number?
False
Is 15871 a composite number?
True
Is 2405419 a composite number?
True
Is 330899 prime?
True
Is 373645 composite?
True
Is 157853 a composite number?
True
Is 1601 prime?
True
Is 35741 a prime number?
False
Is 101845 prime?
False
Is 30439 a prime number?
False
Is 2161 a prime number?
True
Is 8129 composite?
True
Is 5305 prime?
False
Is 19541 composite?
False
Is 1990123 a composite number?
False
Is 13973 a prime number?
False
Is 3635 a prime number?
False
Is 251383 prime?
False
Is 18839 composite?
False
Is 870127 a composite number?
False
Is 12199 prime?
False
Is 456499 prime?
True
Is 128663 a composite number?
False
Is 3347 composite?
False
Is 14107 prime?
True
Is 141743 composite?
True
Is 10073 a prime number?
False
Is 2179 a composite number?
False
Is 786121 prime?
False
Is 31303 composite?
True
Is 5567 a prime number?
False
Is 313199 a composite number?
True
Is 33455 composite?
True
Is 37319 prime?
False
Is 6889 a prime number?
False
Is 177367 a prime number?
False
Is 24781 prime?
True
Is 10799 composite?
False
Is 4534 prime?
False
Is 7283 a prime number?
True
Is 397981 prime?
True
Is 134753 composite?
False
Is 32921 composite?
True
Is 3133279 composite?
False
Is 18023 composite?
True
Is 68351 composite?
False
Is 3967 a prime number?
True
Is 46043 a prime number?
False
Is 10079 composite?
False
Is 7669 composite?
False
Is 68617 composite?
True
Is 15499 prime?
False
Is 259867 a prime number?
True
Is 146193 a prime number?
False
Is 3991 a prime number?
False
Is 545431 a composite number?
True
Is 339211 a prime number?
True
Is 209123 prime?
True
Is 65287 a prime number?
True
Is 5669 a prime number?
True
Is 8641 a composite number?
False
Is 404947 a composite number?
True
Is 269461 a prime number?
True
Is 844891 a prime number?
True
Is 117647 a composite number?
True
Is 1057 prime?
False
Is 44171 a prime number?
True
Is 59233 composite?
False
Is 92551 composite?
False
Is 105209 a composite number?
True
Is 75431 composite?
False
Is 18517 a composite number?
False
Is 24931 a composite number?
True
Is 521237 composite?
True
Is 14893 a composite number?
True
Is 77906 a prime number?
False
Is 1515695 a composite number?
True
Is 41719 composite?
False
Is 23687 a composite number?
False
Is 69681 composite?
True
Is 212041 a prime number?
False
Is 166693 composite?
False
Is 3811 prime?
False
Is 101107 prime?
True
Is 44221 a composite number?
False
Is 8997 a composite number?
True
Is 7781 prime?
False
Is 44309 composite?
True
Is 39979 prime?
True
Is 74831 composite?
False
Is 3073 a prime number?
False
Is 107711 a composite number?
True
Is 1193 a composite number?
False
Is 1361 a prime number?
True
Is 1156913 prime?
False
Is 204037 prime?
False
Is 551093 a prime number?
True
Is 38719 a prime number?
False
Is 3989 composite?
False
Is 257009 composite?
True
Is 746201 a composite number?
True
Is 322019 prime?
False
Is 97738 prime?
False
Is 13603 a prime number?
False
Is 2288987 a prime number?
False
Is 719 composite?
False
Is 374303 a prime number?
False
Is 19901 a prime number?
False
Is 10167 a composite number?
True
Is 35071 a prime number?
False
Is 2654447 composite?
False
Is 8147 a prime number?
True
Is 54083 a composite number?
False
Is 5987 a comp